ime factors of 3103402684.
2, 31, 25027441
What are the prime factors of 181735616?
2, 41, 69259
What are the prime factors of 251225?
5, 13, 773
List the prime factors of 284598430.
2, 5, 28459843
List the prime factors of 2376431664.
2, 3, 5147, 9619
List the prime factors of 8176860.
2, 3, 5, 45427
List the prime factors of 50729578.
2, 31, 818219
What are the prime factors of 5169887110?
2, 5, 1069, 483619
What are the prime factors of 69841748?
2, 17460437
List the prime factors of 26368724.
2, 31, 212651
What are the prime factors of 2038181871?
3, 11, 61763087
What are the prime factors of 81157190?
2, 5, 433, 18743
What are the prime factors of 3966937288?
2, 41, 12094321
List the prime factors of 18873401.
2143, 8807
What are the prime factors of 85125308?
2, 37, 71, 8101
What are the prime factors of 1097901949?
773, 1039, 1367
What are the prime factors of 75931984?
2, 4745749
What are the prime factors of 3113838326?
2, 30427, 51169
List the prime factors of 33025290.
2, 3, 5, 43, 25601
What are the prime factors of 31325567?
7, 13, 344237
List the prime factors of 1941540526.
2, 907, 1070309
What are the prime factors of 181076540?
2, 5, 9053827
What are the prime factors of 7131282271?
139, 51304189
What are the prime factors of 1038059233?
1038059233
List the prime factors of 505535567.
505535567
What are the prime factors of 59479180?
2, 5, 127, 23417
What are the prime factors of 45796634?
2, 13, 23, 43, 137
List the prime factors of 99285315.
3, 5, 6619021
List the prime factors of 69008728.
2, 31, 278261
List the prime factors of 368177046.
2, 3, 61362841
List the prime factors of 65472626.
2, 32736313
What are the prime factors of 89546109?
3, 61, 643, 761
What are the prime factors of 24346598?
2, 12173299
List the prime factors of 50583064.
2, 7, 903269
What are the prime factors of 1326145646?
2, 7, 94724689
List the prime factors of 1472751949.
1472751949
List the prime factors of 1060672108.
2, 97, 1609, 1699
What are the prime factors of 346003884?
2, 3, 79, 121661
List the prime factors of 698133151.
293, 2382707
What are the prime factors of 1319783133?
3, 43, 73, 269, 521
What are the prime factors of 302287839?
3, 7, 881, 16339
List the prime factors of 3558577444.
2, 1493, 595877
List the prime factors of 3353115440.
2, 5, 19, 293, 7529
What are the prime factors of 285233708?
2, 71308427
List the prime factors of 70845504.
2, 3, 71, 5197
What are the prime factors of 34525099?
7, 71, 69467
What are the prime factors of 44572768?
2, 29, 43, 1117
List the prime factors of 119399603.
73, 1635611
List the prime factors of 124393454.
2, 17, 3658631
What are the prime factors of 13388587?
3187, 4201
List the prime factors of 900636582.
2, 3, 397, 378101
What are the prime factors of 1553455244?
2, 11, 35305801
List the prime factors of 232588205.
5, 46517641
What are the prime factors of 121209349?
31, 3909979
What are the prime factors of 663785801?
7, 13546649
What are the prime factors of 66616625?
5, 17, 23, 29, 47
What are the prime factors of 208248500?
2, 5, 416497
What are the prime factors of 16706358?
2, 3, 19, 857
List the prime factors of 39574489.
39574489
List the prime factors of 76791749.
19, 47, 113, 761
What are the prime factors of 401785706?
2, 7, 647, 44357
List the prime factors of 49071200.
2, 5, 61339
List the prime factors of 681726975.
3, 5, 9089693
What are the prime factors of 8427228102?
2, 3, 101, 4635439
List the prime factors of 270704339.
271, 998909
What are the prime factors of 22246773?
3, 23, 322417
What are the prime factors of 260733159?
3, 127, 228113
List the prime factors of 58993264.
2, 11, 17, 19717
List the prime factors of 1037089501.
7, 173, 856391
What are the prime factors of 1968891131?
19, 71, 313, 4663
List the prime factors of 898613471.
7, 239, 537127
List the prime factors of 2270164190.
2, 5, 7, 17, 1907701
List the prime factors of 63275616.
2, 3, 219707
List the prime factors of 284564836.
2, 17, 83, 127, 397
What are the prime factors of 8726468085?
3, 5, 41, 4729793
What are the prime factors of 3685754003?
17, 193, 509, 2207
What are the prime factors of 1369304791?
1369304791
List the prime factors of 91704243.
3, 23, 107, 12421
What are the prime factors of 69631216?
2, 131, 139, 239
What are the prime factors of 1456460390?
2, 5, 7, 11, 19, 113, 881
List the prime factors of 131828895.
3, 5, 11, 31, 71
What are the prime factors of 18000505?
5, 19, 189479
List the prime factors of 220957446.
2, 3, 41, 389, 2309
List the prime factors of 177029850.
2, 3, 5, 23, 97
List the prime factors of 1977626007.
3, 7, 31390889
List the prime factors of 3309349880.
2, 5, 17, 73, 163, 409
List the prime factors of 903826721.
7, 129118103
What are the prime factors of 879746728?
2, 7, 479, 32797
What are the prime factors of 286132880?
2, 5, 11, 23, 67, 211
List the prime factors of 1236936426.
2, 3, 11, 3637, 5153
List the prime factors of 4237919338.
2, 2118959669
List the prime factors of 4547631495.
3, 5, 11, 17, 1621259
List the prime factors of 831788526.
2, 3, 138631421
List the prime factors of 1481945384.
2, 23, 1061, 7591
List the prime factors of 191537420.
2, 5, 9576871
List the prime factors of 632245092.
2, 3, 41, 1285051
What are the prime factors of 196538868?
2, 3, 5459413
List the prime factors of 68336878.
2, 34168439
List the prime factors of 3055364.
2, 13, 58757
List the prime factors of 163336617.
3, 18148513
What are the prime factors of 26676615?
3, 5, 7, 83, 3061
List the prime factors of 892078073.
1087, 820679
List the prime factors of 811643222.
2, 13, 83, 569, 661
List the prime factors of 439479102.
2, 3, 73246517
What are the prime factors of 33172125?
3, 5, 7, 12637
List the prime factors of 30070220.
2, 5, 41, 36671
What are the prime factors of 304330669?
29, 631, 16631
List the prime factors of 202370579.
47, 709, 6073
What are the prime factors of 71306822?
2, 79, 451309
List the prime factors of 2020402845.
3, 5, 1662883
What are the prime factors of 5522070908?
2, 1380517727
What are the prime factors of 6115796761?
23, 265904207
What are the prime factors of 256654237?
7, 37, 449, 2207
What are the prime factors of 174370652?
2, 2137, 20399
What are the prime factors of 302310131?
302310131
List the prime factors of 291178840.
2, 5, 7279471
What are the prime factors of 21948089?
21948089
List the prime factors of 3527905609.
3527905609
List the prime factors of 14607939.
3, 337, 14449
List the prime factors of 652153793.
3517, 185429
List the prime factors of 57897533.
57897533
What are the prime factors of 71514416?
2, 4469651
What are the prime factors of 174627038?
2, 29, 3010811
List the prime factors of 252578005.
5, 50515601
What are the prime factors of 33893603?
89, 229, 1663
List the prime factors of 139873632.
2, 3, 41, 35537
List the prime factors of 88604569.
9413
List the prime factors of 469970524.
2, 117492631
List the prime factors of 2719444004.
2, 679861001
What are the prime factors of 23873797?
17, 53, 26497
List the prime factors of 2418779763.
3, 2141, 125527
What are the prime factors of 2061637286?
2, 1030818643
List the prime factors of 10264913.
191, 223, 241
What are the prime factors of 110270372?
2, 23, 113, 10607
What are the prime factors of 126756123?
3, 13, 3250157
List the prime factors of 665041903.
665041903
What are the prime factors of 1536393778?
2, 11239, 68351
What are the prime factors of 1471824222?
2, 3, 11, 2393, 9319
List the prime factors of 157296105.
3, 5, 3495469
List the prime factors of 1477133707.
7, 2141, 98561
What are the prime factors of 21592365?
3, 5, 571, 2521
What are the prime factors of 992378358?
2, 3, 18377377
List the prime factors of 4535274702.
2, 3, 7, 107982731
List the prime factors of 44065314.
2, 3, 2448073
What are the prime factors of 76901034?
2, 3, 7, 1830977
What are the prime factors of 4462843134?
2, 3, 23, 37, 443, 1973
List the prime factors of 132714621.
3, 13, 1134313
What are the prime factors of 284455904?
2, 23, 386489
What are the prime factors of 32673227?
29, 1126663
List the prime factors of 3421927382.
2, 17, 100644923
List the prime factors of 63958310.
2, 5, 13, 373, 1319
List the prime factors of 99675720.
2, 3, 5, 43, 47, 137
What